423
List the prime factors of 1562815.
5, 312563
List the prime factors of 1154581.
1154581
What are the prime factors of 1241552?
2, 13, 47, 127
What are the prime factors of 11438858?
2, 17, 336437
What are the prime factors of 181644?
2, 3, 15137
What are the prime factors of 215104?
2, 3361
What are the prime factors of 196490?
2, 5, 7, 401
What are the prime factors of 593549?
11, 53959
List the prime factors of 12707722.
2, 71, 89491
List the prime factors of 5413575.
3, 5, 19, 29, 131
What are the prime factors of 3484784?
2, 433, 503
What are the prime factors of 12072062?
2, 29, 208139
What are the prime factors of 3934936?
2, 491867
What are the prime factors of 629562?
2, 3, 317, 331
List the prime factors of 306287.
53, 5779
List the prime factors of 175164.
2, 3, 11, 1327
List the prime factors of 8168591.
8168591
List the prime factors of 22714226.
2, 37, 306949
List the prime factors of 1637626.
2, 818813
List the prime factors of 870746.
2, 163, 2671
List the prime factors of 9317561.
11, 847051
What are the prime factors of 206570?
2, 5, 7, 13, 227
List the prime factors of 1372343.
7, 4001
List the prime factors of 12626609.
23, 239, 2297
List the prime factors of 1301782.
2, 43, 15137
List the prime factors of 1710170.
2, 5, 7, 11, 2221
List the prime factors of 1271907.
3, 7, 13, 1553
What are the prime factors of 51181?
13, 31, 127
What are the prime factors of 3213?
3, 7, 17
What are the prime factors of 165073?
383, 431
What are the prime factors of 252403?
83, 3041
What are the prime factors of 1035418?
2, 67, 7727
List the prime factors of 383784.
2, 3, 15991
List the prime factors of 175036.
2, 43759
What are the prime factors of 79218?
2, 3, 163
What are the prime factors of 10391195?
5, 19, 89, 1229
List the prime factors of 237835.
5, 13, 3659
What are the prime factors of 16362412?
2, 11, 371873
What are the prime factors of 1805252?
2, 451313
List the prime factors of 294035.
5, 7, 31, 271
List the prime factors of 555170.
2, 5, 7, 11, 103
What are the prime factors of 7820941?
47, 166403
What are the prime factors of 1994304?
2, 3, 13, 17, 47
What are the prime factors of 205701?
3, 68567
List the prime factors of 144818.
2, 19, 37, 103
List the prime factors of 192643.
11, 83, 211
List the prime factors of 447684.
2, 3, 37307
List the prime factors of 1650336.
2, 3, 17191
List the prime factors of 3351594.
2, 3, 558599
What are the prime factors of 2643629?
2643629
What are the prime factors of 2855302?
2, 751, 1901
What are the prime factors of 8254468?
2, 2063617
What are the prime factors of 200437?
200437
What are the prime factors of 634515?
3, 5, 7, 6043
What are the prime factors of 1141375?
5, 23, 397
What are the prime factors of 5132004?
2, 3, 647, 661
List the prime factors of 7998793.
11, 83, 8761
List the prime factors of 2757198.
2, 3, 193, 2381
List the prime factors of 3286323.
3, 365147
What are the prime factors of 6307340?
2, 5, 13, 17, 1427
What are the prime factors of 1331475?
3, 5, 41, 433
List the prime factors of 1468800.
2, 3, 5, 17
List the prime factors of 135027.
3, 1667
What are the prime factors of 419285?
5, 83857
List the prime factors of 71441.
199, 359
List the prime factors of 39694406.
2, 421, 47143
What are the prime factors of 344794?
2, 17, 10141
List the prime factors of 413271.
3, 47, 977
List the prime factors of 1897209.
3, 29, 2423
List the prime factors of 7240602.
2, 3, 1206767
What are the prime factors of 12954033?
3, 37, 12967
What are the prime factors of 3128706?
2, 3, 7, 31, 89
List the prime factors of 2010822.
2, 3, 11, 30467
List the prime factors of 84239.
84239
What are the prime factors of 1018965?
3, 5, 67931
List the prime factors of 4853517.
3, 17, 59, 1613
List the prime factors of 265703.
265703
List the prime factors of 2021456.
2, 126341
What are the prime factors of 3835931?
11, 17, 73, 281
List the prime factors of 962162.
2, 29, 53, 313
What are the prime factors of 4866199?
13, 17, 97, 227
List the prime factors of 77120.
2, 5, 241
List the prime factors of 142598.
2, 37, 41, 47
What are the prime factors of 2738704?
2, 171169
List the prime factors of 1723991.
1723991
List the prime factors of 4791463.
37, 129499
List the prime factors of 1039414.
2, 17, 19, 1609
What are the prime factors of 476351?
476351
What are the prime factors of 328963?
313, 1051
List the prime factors of 1053392.
2, 65837
What are the prime factors of 2051734?
2, 19, 53993
What are the prime factors of 12473931?
3, 719, 5783
List the prime factors of 910284.
2, 3, 31, 2447
List the prime factors of 501600.
2, 3, 5, 11, 19
What are the prime factors of 376150?
2, 5, 7523
What are the prime factors of 1744467?
3, 43, 13523
List the prime factors of 2369224.
2, 11, 13, 19, 109
List the prime factors of 13216293.
3, 17, 86381
What are the prime factors of 23855022?
2, 3, 619, 2141
List the prime factors of 1638939.
3, 31, 17623
What are the prime factors of 652660?
2, 5, 32633
List the prime factors of 26145988.
2, 11, 594227
List the prime factors of 311607.
3, 3847
List the prime factors of 220984.
2, 23, 1201
What are the prime factors of 1705451?
11, 227, 683
List the prime factors of 186062.
2, 31, 3001
What are the prime factors of 349884?
2, 3, 9719
List the prime factors of 387256.
2, 48407
List the prime factors of 1148205.
3, 5, 41, 1867
What are the prime factors of 1456465?
5, 291293
List the prime factors of 25058583.
3, 11, 37, 6841
List the prime factors of 1068431.
7, 13, 59, 199
What are the prime factors of 1071115?
5, 29, 83, 89
List the prime factors of 7645793.
103, 74231
List the prime factors of 21437.
13, 17, 97
What are the prime factors of 27172?
2, 6793
What are the prime factors of 13616016?
2, 3, 331, 857
What are the prime factors of 2211972?
2, 3, 7, 17, 1549
What are the prime factors of 10103753?
11, 41, 43, 521
List the prime factors of 1820132.
2, 455033
List the prime factors of 1125332.
2, 13, 17, 19, 67
What are the prime factors of 19906097?
19906097
List the prime factors of 472440.
2, 3, 5, 31, 127
What are the prime factors of 2360370?
2, 3, 5, 19, 41, 101
List the prime factors of 5937889.
5937889
What are the prime factors of 307673?
89, 3457
What are the prime factors of 319136?
2, 9973
List the prime factors of 919438.
2, 13, 35363
What are the prime factors of 89746?
2, 23, 1951
List the prime factors of 834292.
2, 17, 12269
List the prime factors of 2283861.
3, 179, 4253
What are the prime factors of 183744?
2, 3, 11, 29
What are the prime factors of 433322?
2, 216661
What are the prime factors of 248606?
2, 124303
What are the prime factors of 77011?
11, 7001
What are the prime factors of 422216?
2, 89, 593
What are the prime factors of 396186?
2, 3, 7, 9433
List the prime factors of 713383.
11, 64853
What are the prime factors of 4388877?
3, 53, 3067
List the prime factors of 54999.
3, 7, 97
What are the prime factors of 94951?
94951
List the prime factors of 142665.
3, 5, 9511
What are the prime factors of 749771?
11, 68161
List the prime factors of 2112285.
3, 5, 7, 20117
What are the prime factors of 636824?
2, 23, 3461
List the prime factors of 3005164.
2, 751291
What are the prime factors of 475283?
475283
List the prime factors of 647798.
2, 323899
List the prime factors of 141130.
2, 5, 11, 1283
List the prime factors of 11001649.
11001649
What are the prime factors of 36850427?
36850427
List the prime factors of 1595254.
2, 797627
List the prime factors of 255340.
2, 5, 17, 751
List the prime factors of 214481.
214481
List the prime factors of 175536.
2, 3, 23, 53
List the prime factors of 2960590.
2, 5, 383, 773
What are the prime factors of 371812?
2, 7, 271
List the prime factors of 2096787.
3, 7, 11, 29, 313
What are the prime factors of 14385245?
5, 7, 411007
What are the prime factors of 320415?
3, 5, 41, 521
What are the prime factors of 329279?
59, 5581
List the prime factors of 2149314.
2, 3, 358219
List the prime factors of 1299314.
2, 649657
What are the prime factors of 3526648?
2, 440831
List the prime factors of 1467639.
3, 18119
List the prime factors of 8844753.
3, 73, 40387
List the prime factors of 199186.
2, 13, 47, 163
List the prime factors of 6979517.
19, 29, 53, 239
What are the prime 